{"id":29,"date":"2025-06-09T01:33:49","date_gmt":"2025-06-09T01:33:49","guid":{"rendered":"https:\/\/grupoagrosurssamy.com\/?page_id=29"},"modified":"2025-06-19T00:55:42","modified_gmt":"2025-06-19T00:55:42","slug":"nosotros","status":"publish","type":"page","link":"https:\/\/grupoagrosurssamy.com\/singreso\/nosotros\/","title":{"rendered":"NOSOTROS"},"content":{"rendered":"\t\t<div data-elementor-type=\"wp-page\" data-elementor-id=\"29\" class=\"elementor elementor-29\">\n\t\t\t\t<div class=\"elementor-element elementor-element-71a60a6 e-flex e-con-boxed wpr-particle-no wpr-jarallax-no wpr-parallax-no wpr-sticky-section-no wpr-equal-height-no e-con e-parent\" data-id=\"71a60a6\" data-element_type=\"container\" data-e-type=\"container\" data-settings=\"{&quot;background_background&quot;:&quot;classic&quot;}\">\n\t\t\t\t\t<div class=\"e-con-inner\">\n\t\t\t\t<div class=\"elementor-element elementor-element-cd19529 elementor-widget elementor-widget-heading\" data-id=\"cd19529\" data-element_type=\"widget\" data-e-type=\"widget\" data-widget_type=\"heading.default\">\n\t\t\t\t<div class=\"elementor-widget-container\">\n\t\t\t\t\t<h2 class=\"elementor-heading-title elementor-size-default\">NOSOTROS<\/h2>\t\t\t\t<\/div>\n\t\t\t\t<\/div>\n\t\t\t\t\t<\/div>\n\t\t\t\t<\/div>\n\t\t<div class=\"elementor-element elementor-element-2a3051a e-flex e-con-boxed wpr-particle-no wpr-jarallax-no wpr-parallax-no wpr-sticky-section-no wpr-equal-height-no e-con e-parent\" data-id=\"2a3051a\" data-element_type=\"container\" data-e-type=\"container\" data-settings=\"{&quot;background_background&quot;:&quot;classic&quot;}\">\n\t\t\t\t\t<div class=\"e-con-inner\">\n\t\t<div class=\"elementor-element elementor-element-d5e3b7e e-con-full e-flex wpr-particle-no wpr-jarallax-no wpr-parallax-no wpr-sticky-section-no wpr-equal-height-no e-con e-child\" data-id=\"d5e3b7e\" data-element_type=\"container\" data-e-type=\"container\">\n\t\t\t\t<div class=\"elementor-element elementor-element-da8710c elementor-widget elementor-widget-image\" data-id=\"da8710c\" data-element_type=\"widget\" data-e-type=\"widget\" data-widget_type=\"image.default\">\n\t\t\t\t<div class=\"elementor-widget-container\">\n\t\t\t\t\t\t\t\t\t\t\t\t\t\t\t<img fetchpriority=\"high\" decoding=\"async\" width=\"800\" height=\"1000\" src=\"https:\/\/grupoagrosurssamy.com\/singreso\/wp-content\/uploads\/2025\/06\/3-1-819x1024.png\" class=\"attachment-large size-large wp-image-132\" alt=\"\" srcset=\"https:\/\/grupoagrosurssamy.com\/singreso\/wp-content\/uploads\/2025\/06\/3-1-819x1024.png 819w, https:\/\/grupoagrosurssamy.com\/singreso\/wp-content\/uploads\/2025\/06\/3-1-240x300.png 240w, https:\/\/grupoagrosurssamy.com\/singreso\/wp-content\/uploads\/2025\/06\/3-1-768x960.png 768w, https:\/\/grupoagrosurssamy.com\/singreso\/wp-content\/uploads\/2025\/06\/3-1.png 1080w\" sizes=\"(max-width: 800px) 100vw, 800px\" \/>\t\t\t\t\t\t\t\t\t\t\t\t\t\t\t<\/div>\n\t\t\t\t<\/div>\n\t\t\t\t<\/div>\n\t\t<div class=\"elementor-element elementor-element-87d6be4 e-con-full e-flex wpr-particle-no wpr-jarallax-no wpr-parallax-no wpr-sticky-section-no wpr-equal-height-no e-con e-child\" data-id=\"87d6be4\" data-element_type=\"container\" data-e-type=\"container\">\n\t\t\t\t<div class=\"elementor-element elementor-element-9de9104 elementor-widget elementor-widget-spacer\" data-id=\"9de9104\" data-element_type=\"widget\" data-e-type=\"widget\" data-widget_type=\"spacer.default\">\n\t\t\t\t<div class=\"elementor-widget-container\">\n\t\t\t\t\t\t\t<div class=\"elementor-spacer\">\n\t\t\t<div class=\"elementor-spacer-inner\"><\/div>\n\t\t<\/div>\n\t\t\t\t\t\t<\/div>\n\t\t\t\t<\/div>\n\t\t\t\t<div class=\"elementor-element elementor-element-7311ff7 elementor-widget elementor-widget-heading\" data-id=\"7311ff7\" data-element_type=\"widget\" data-e-type=\"widget\" data-widget_type=\"heading.default\">\n\t\t\t\t<div class=\"elementor-widget-container\">\n\t\t\t\t\t<h2 class=\"elementor-heading-title elementor-size-default\">MISI\u00d3N<\/h2>\t\t\t\t<\/div>\n\t\t\t\t<\/div>\n\t\t\t\t<div class=\"elementor-element elementor-element-9ec49ce elementor-widget elementor-widget-text-editor\" data-id=\"9ec49ce\" data-element_type=\"widget\" data-e-type=\"widget\" data-widget_type=\"text-editor.default\">\n\t\t\t\t<div class=\"elementor-widget-container\">\n\t\t\t\t\t\t\t\t\t<p>En Grupo Agrosur Ssamy SAC, nos dedicamos a la exportaci\u00f3n de granos y menestras peruanas de alta calidad, comprometidos con promover la agricultura nacional y satisfacer los est\u00e1ndares del mercado internacional, a trav\u00e9s de pr\u00e1cticas sostenibles, eficiencia operativa y responsabilidad con nuestros agricultores y clientes.<\/p>\t\t\t\t\t\t\t\t<\/div>\n\t\t\t\t<\/div>\n\t\t\t\t<div class=\"elementor-element elementor-element-8473b70 elementor-widget elementor-widget-heading\" data-id=\"8473b70\" data-element_type=\"widget\" data-e-type=\"widget\" data-widget_type=\"heading.default\">\n\t\t\t\t<div class=\"elementor-widget-container\">\n\t\t\t\t\t<h2 class=\"elementor-heading-title elementor-size-default\">VISI\u00d3N<\/h2>\t\t\t\t<\/div>\n\t\t\t\t<\/div>\n\t\t\t\t<div class=\"elementor-element elementor-element-37d75ea elementor-widget elementor-widget-text-editor\" data-id=\"37d75ea\" data-element_type=\"widget\" data-e-type=\"widget\" data-widget_type=\"text-editor.default\">\n\t\t\t\t<div class=\"elementor-widget-container\">\n\t\t\t\t\t\t\t\t\t<p>Ser reconocidos a nivel internacional como una empresa l\u00edder en la exportaci\u00f3n de granos y menestras peruanas, destacando por nuestra calidad, innovaci\u00f3n y compromiso con el desarrollo sostenible del agro peruano.<\/p>\t\t\t\t\t\t\t\t<\/div>\n\t\t\t\t<\/div>\n\t\t\t\t<div class=\"elementor-element elementor-element-6a6a8d1 elementor-widget elementor-widget-heading\" data-id=\"6a6a8d1\" data-element_type=\"widget\" data-e-type=\"widget\" data-widget_type=\"heading.default\">\n\t\t\t\t<div class=\"elementor-widget-container\">\n\t\t\t\t\t<h2 class=\"elementor-heading-title elementor-size-default\">VALORES<\/h2>\t\t\t\t<\/div>\n\t\t\t\t<\/div>\n\t\t\t\t<div class=\"elementor-element elementor-element-0f56903 elementor-widget elementor-widget-text-editor\" data-id=\"0f56903\" data-element_type=\"widget\" data-e-type=\"widget\" data-widget_type=\"text-editor.default\">\n\t\t\t\t<div class=\"elementor-widget-container\">\n\t\t\t\t\t\t\t\t\t<ul><li><strong>Calidad<\/strong>: Productos con est\u00e1ndares internacionales.<\/li><li><strong>Responsabilidad<\/strong>: \u00c9tica y compromiso social.<\/li><li><strong>Sostenibilidad<\/strong>: Apoyo a pr\u00e1cticas agr\u00edcolas responsables.<\/li><li><strong>Innovaci\u00f3n<\/strong>: Mejora continua de procesos.<\/li><li><strong>Compromiso<\/strong>: Desarrollo del agro y satisfacci\u00f3n del cliente<\/li><\/ul>\t\t\t\t\t\t\t\t<\/div>\n\t\t\t\t<\/div>\n\t\t\t\t<\/div>\n\t\t\t\t\t<\/div>\n\t\t\t\t<\/div>\n\t\t\t\t<\/div>\n\t\t","protected":false},"excerpt":{"rendered":"<p>NOSOTROS MISI\u00d3N En Grupo Agrosur Ssamy SAC, nos dedicamos a la exportaci\u00f3n de granos y menestras peruanas de alta calidad, comprometidos con promover la agricultura nacional y satisfacer los est\u00e1ndares del mercado internacional, a trav\u00e9s de pr\u00e1cticas sostenibles, eficiencia operativa y responsabilidad con nuestros agricultores y clientes. VISI\u00d3N Ser reconocidos a nivel internacional como una empresa l\u00edder en la exportaci\u00f3n de granos y menestras peruanas, destacando por nuestra calidad, innovaci\u00f3n y compromiso con el desarrollo sostenible del agro peruano. VALORES Calidad: Productos con est\u00e1ndares internacionales. Responsabilidad: \u00c9tica y compromiso social. Sostenibilidad: Apoyo a pr\u00e1cticas agr\u00edcolas responsables. Innovaci\u00f3n: Mejora continua de procesos. Compromiso: Desarrollo del agro y satisfacci\u00f3n del cliente<\/p>\n","protected":false},"author":1,"featured_media":0,"parent":0,"menu_order":0,"comment_status":"closed","ping_status":"closed","template":"","meta":{"_eb_attr":"","footnotes":""},"class_list":["post-29","page","type-page","status-publish","hentry"],"_links":{"self":[{"href":"https:\/\/grupoagrosurssamy.com\/singreso\/wp-json\/wp\/v2\/pages\/29","targetHints":{"allow":["GET"]}}],"collection":[{"href":"https:\/\/grupoagrosurssamy.com\/singreso\/wp-json\/wp\/v2\/pages"}],"about":[{"href":"https:\/\/grupoagrosurssamy.com\/singreso\/wp-json\/wp\/v2\/types\/page"}],"author":[{"embeddable":true,"href":"https:\/\/grupoagrosurssamy.com\/singreso\/wp-json\/wp\/v2\/users\/1"}],"replies":[{"embeddable":true,"href":"https:\/\/grupoagrosurssamy.com\/singreso\/wp-json\/wp\/v2\/comments?post=29"}],"version-history":[{"count":10,"href":"https:\/\/grupoagrosurssamy.com\/singreso\/wp-json\/wp\/v2\/pages\/29\/revisions"}],"predecessor-version":[{"id":155,"href":"https:\/\/grupoagrosurssamy.com\/singreso\/wp-json\/wp\/v2\/pages\/29\/revisions\/155"}],"wp:attachment":[{"href":"https:\/\/grupoagrosurssamy.com\/singreso\/wp-json\/wp\/v2\/media?parent=29"}],"curies":[{"name":"wp","href":"https:\/\/api.w.org\/{rel}","templated":true}]}}